st common divisor of 11 and 47.
1
What is the highest common divisor of 125 and 175?
25
What is the highest common factor of 1075 and 86?
43
Calculate the highest common factor of 896 and 21.
7
What is the greatest common divisor of 26154 and 18?
18
What is the greatest common divisor of 680 and 80?
40
Calculate the highest common divisor of 36 and 16938.
18
Calculate the highest common divisor of 462 and 1722.
42
What is the greatest common divisor of 69 and 8257?
23
Calculate the highest common factor of 28 and 60.
4
What is the greatest common factor of 25 and 424?
1
What is the highest common factor of 1116 and 310?
62
Calculate the greatest common divisor of 105 and 570.
15
What is the greatest common factor of 93 and 837?
93
Calculate the greatest common divisor of 363 and 3.
3
What is the highest common factor of 187 and 407?
11
Calculate the highest common factor of 65 and 182.
13
What is the greatest common divisor of 327 and 3?
3
What is the greatest common divisor of 85 and 2720?
85
Calculate the highest common factor of 8625 and 23.
23
Calculate the highest common divisor of 65 and 3185.
65
Calculate the greatest common factor of 6627 and 141.
141
What is the greatest common divisor of 720 and 18?
18
What is the greatest common factor of 5168 and 24?
8
Calculate the highest common divisor of 784 and 336.
112
What is the greatest common divisor of 4480 and 25?
5
What is the highest common divisor of 824 and 2575?
103
Calculate the highest common divisor of 135 and 22410.
135
Calculate the greatest common factor of 232 and 1102.
58
Calculate the highest common divisor of 10 and 180.
10
Calculate the highest common divisor of 74 and 1073.
37
What is the greatest common divisor of 6 and 6972?
6
What is the greatest common factor of 72 and 1176?
24
What is the greatest common factor of 37 and 16391?
37
What is the highest common divisor of 7 and 29659?
7
Calculate the greatest common factor of 14 and 658.
14
Calculate the highest common divisor of 434 and 14.
14
What is the highest common factor of 222 and 174?
6
What is the highest common factor of 86 and 2752?
86
What is the highest common divisor of 836 and 228?
76
Calculate the highest common divisor of 32 and 44.
4
What is the highest common divisor of 2310 and 20?
10
Calculate the highest common divisor of 711 and 9.
9
What is the greatest common factor of 594 and 15741?
297
What is the greatest common divisor of 4422 and 198?
66
Calculate the greatest common factor of 3577 and 98.
49
What is the greatest common factor of 30 and 8910?
30
What is the highest common divisor of 3 and 276?
3
Calculate the highest common divisor of 148 and 44.
4
Calculate the highest common factor of 369 and 18.
9
What is the highest common factor of 9448 and 8?
8
What is the greatest common factor of 2037 and 291?
291
Calculate the greatest common divisor of 2595 and 15.
15
What is the greatest common divisor of 1392 and 192?
48
What is the greatest common divisor of 4 and 3820?
4
What is the greatest common divisor of 14 and 350?
14
Calculate the highest common divisor of 58 and 1450.
58
What is the highest common divisor of 24 and 88?
8
Calculate the highest common factor of 66 and 3498.
66
What is the greatest common divisor of 153 and 36?
9
What is the greatest common factor of 138 and 69?
69
What is the greatest common factor of 70 and 1085?
35
Calculate the greatest common factor of 46 and 3818.
46
What is the highest common divisor of 4560 and 38?
38
What is the highest common factor of 181 and 3258?
181
What is the greatest common divisor of 42 and 30?
6
What is the highest common factor of 2088 and 216?
72
What is the greatest common divisor of 591 and 6?
3
What is the greatest common divisor of 102 and 4114?
34
What is the highest common divisor of 50 and 450?
50
What is the highest common factor of 100 and 3620?
20
Calculate the greatest common factor of 5 and 5.
5
What is the highest common divisor of 1 and 673?
1
Calculate the greatest common divisor of 49 and 12985.
49
What is the highest common divisor of 90 and 198?
18
Calculate the highest common divisor of 2744 and 136.
8
What is the greatest common factor of 4071 and 69?
69
Calculate the greatest common divisor of 11 and 110.
11
What is the highest common divisor of 157 and 785?
157
Calculate the greatest common divisor of 25 and 800.
25
Calculate the highest common factor of 240 and 150.
30
What is the greatest common divisor of 162 and 918?
54
What is the greatest common divisor of 13748 and 28?
28
Calculate the highest common factor of 8 and 164.
4
What is the greatest common divisor of 337 and 97393?
337
What is the highest common divisor of 117 and 81?
9
Calculate the greatest common factor of 5768 and 515.
103
Calculate the greatest common divisor of 60 and 7170.
30
What is the greatest common factor of 6313 and 107?
107
Calculate the highest common divisor of 12 and 296.
4
What is the highest common factor of 12592 and 16?
16
What is the highest common factor of 12 and 34764?
12
What is the greatest common factor of 74 and 11?
1
What is the highest common factor of 576 and 832?
64
Calculate the greatest common factor of 3133 and 482.
241
What is the highest common factor of 14 and 14?
14
Calculate the greatest common divisor of 48 and 204.
12
Calculate the highest common divisor of 186 and 4.
2
What is the highest common factor of 60 and 150?
30
Calculate the highest common factor of 5 and 1165.
5
What is the greatest common factor of 11968 and 187?
187
Calculate the highest common divisor of 540 and 10.
10
Calculate the greatest common divisor of 3196 and 68.
68
What is the greatest common divisor of 85 and 15?
5
What is the greatest common divisor of 6 and 27?
3
What is the greatest common factor of 3 and 19?
1
Calculate the highest common divisor of 378 and 14.
14
Calculate the greatest common divisor of 2 and 64.
2
Calculate the greatest common factor of 120 and 3000.
120
Calculate the greatest common divisor of 156 and 1326.
78
Calculate the greatest common factor of 693 and 546.
21
What is the highest common factor of 34 and 85?
17
What is the greatest common factor of 80 and 20?
20
What is the highest common divisor of 2 and 66?
2
What is the greatest common divisor of 50 and 475?
25
Calculate the highest common factor of 52 and 156.
52
Calculate the greatest common divisor of 8 and 2488.
8
What is the highest common divisor of 60 and 7500?
60
Calculate the greatest common factor of 2150 and 172.
86
Calculate the highest common divisor of 35 and 56.
7
Calculate the greatest common divisor of 656 and 48.
16
Calculate the greatest common factor of 33985 and 35.
35
Calculate the highest common factor of 117 and 9.
9
Calculate the greatest common factor of 637 and 117.
13
Calculate the greatest common factor of 98 and 7791.
49
What is the greatest common factor of 9802 and 116?
58
What is the greatest common divisor of 81 and 486?
81
What is the greatest common factor of 30 and 65430?
30
What is the highest common divisor of 13 and 1079?
13
What is the greatest common divisor of 1686 and 6463?
281
What is the highest common factor of 909 and 45?
9
Calculate the highest common divisor of 42 and 114.
6
What is the highest common divisor of 22 and 242?
22
What is the highest common factor of 190 and 304?
38
Calculate the greatest common divisor of 2320 and 1305.
145
What is the highest common factor of 130 and 13?
13
What is the greatest common factor of 156 and 12?
12
Calculate the highest common divisor of 399 and 42.
21
Calculate the highest common divisor of 776 and 24.
8
What is the greatest common divisor of 4 and 4?
4
Calculate the greatest common divisor of 5727 and 138.
69
What is the highest common divisor of 29 and 1?
1
What is the highest common divisor of 72111 and 39?
39
Calculate the greatest common factor of 317 and 2.
1
What is the greatest common factor of 264 and 253?
11
What is the highest common divisor of 288 and 45?
9
What is the highest common divisor of 50 and 7?
1
Calculate the greatest common divisor of 2187 and 162.
81
What is the highest common factor of 11 and 1100?
11
What is the highest common factor of 16 and 1832?
8
Calculate the greatest common factor of 1788 and 48.
12
What is the high